{"id":123,"date":"2018-07-15T16:01:03","date_gmt":"2018-07-15T16:01:03","guid":{"rendered":"http:\/\/www.doisamores.fi\/?page_id=123"},"modified":"2019-12-29T12:22:14","modified_gmt":"2019-12-29T12:22:14","slug":"pao-de-queijo","status":"publish","type":"page","link":"http:\/\/www.doisamores.fi\/?page_id=123","title":{"rendered":"P\u00e3o de Queijo"},"content":{"rendered":"\n<div class=\"wp-block-media-text alignwide\" style=\"grid-template-columns:16% auto\"><figure class=\"wp-block-media-text__media\"><img decoding=\"async\" width=\"150\" height=\"150\" src=\"http:\/\/www.doisamores.fi\/wp-content\/uploads\/2019\/12\/IMG_20190301_091215-150x150.jpg\" alt=\"\" class=\"wp-image-287\"\/><\/figure><div class=\"wp-block-media-text__content\">\n<p class=\"has-medium-font-size\">P\u00e3o de Queijot, eli juustopallot, ovat l\u00e4ht\u00f6isin Brasilian Minas Geraisin osavaltiosta. Ne ovat herkullisia pieni\u00e4 suolaisia leipi\u00e4, jotka nautitaan parhaimmillaan l\u00e4mpimin\u00e4 kahvin kanssa. P\u00e4\u00e4raaka-aineina k\u00e4ytet\u00e4\u00e4n erilaisia juustoja ja tapiokat\u00e4rkkelyst\u00e4.<\/p>\n<\/div><\/div>\n","protected":false},"excerpt":{"rendered":"<p>P\u00e3o de Queijot, eli juustopallot, ovat l\u00e4ht\u00f6isin Brasilian Minas Geraisin osavaltiosta. Ne ovat herkullisia pieni\u00e4 suolaisia leipi\u00e4, jotka nautitaan parhaimmillaan l\u00e4mpimin\u00e4 kahvin kanssa. P\u00e4\u00e4raaka-aineina k\u00e4ytet\u00e4\u00e4n erilaisia juustoja ja tapiokat\u00e4rkkelyst\u00e4.<\/p>\n","protected":false},"author":1,"featured_media":0,"parent":0,"menu_order":4,"comment_status":"closed","ping_status":"closed","template":"","meta":{"site-sidebar-layout":"default","site-content-layout":"default","ast-site-content-layout":"default","site-content-style":"default","site-sidebar-style":"default","ast-global-header-display":"","ast-banner-title-visibility":"","ast-main-header-display":"","ast-hfb-above-header-display":"","ast-hfb-below-header-display":"","ast-hfb-mobile-header-display":"","site-post-title":"","ast-breadcrumbs-content":"","ast-featured-img":"","footer-sml-layout":"","theme-transparent-header-meta":"default","adv-header-id-meta":"","stick-header-meta":"","header-above-stick-meta":"","header-main-stick-meta":"","header-below-stick-meta":"","astra-migrate-meta-layouts":"default","ast-page-background-enabled":"default","ast-page-background-meta":{"desktop":{"background-color":"","background-image":"","background-repeat":"repeat","background-position":"center center","background-size":"auto","background-attachment":"scroll","background-type":"","background-media":"","overlay-type":"","overlay-color":"","overlay-opacity":"","overlay-gradient":""},"tablet":{"background-color":"","background-image":"","background-repeat":"repeat","background-position":"center center","background-size":"auto","background-attachment":"scroll","background-type":"","background-media":"","overlay-type":"","overlay-color":"","overlay-opacity":"","overlay-gradient":""},"mobile":{"background-color":"","background-image":"","background-repeat":"repeat","background-position":"center center","background-size":"auto","background-attachment":"scroll","background-type":"","background-media":"","overlay-type":"","overlay-color":"","overlay-opacity":"","overlay-gradient":""}},"ast-content-background-meta":{"desktop":{"background-color":"var(--ast-global-color-5)","background-image":"","background-repeat":"repeat","background-position":"center center","background-size":"auto","background-attachment":"scroll","background-type":"","background-media":"","overlay-type":"","overlay-color":"","overlay-opacity":"","overlay-gradient":""},"tablet":{"background-color":"var(--ast-global-color-5)","background-image":"","background-repeat":"repeat","background-position":"center center","background-size":"auto","background-attachment":"scroll","background-type":"","background-media":"","overlay-type":"","overlay-color":"","overlay-opacity":"","overlay-gradient":""},"mobile":{"background-color":"var(--ast-global-color-5)","background-image":"","background-repeat":"repeat","background-position":"center center","background-size":"auto","background-attachment":"scroll","background-type":"","background-media":"","overlay-type":"","overlay-color":"","overlay-opacity":"","overlay-gradient":""}},"footnotes":""},"class_list":["post-123","page","type-page","status-publish","hentry"],"_links":{"self":[{"href":"http:\/\/www.doisamores.fi\/index.php?rest_route=\/wp\/v2\/pages\/123","targetHints":{"allow":["GET"]}}],"collection":[{"href":"http:\/\/www.doisamores.fi\/index.php?rest_route=\/wp\/v2\/pages"}],"about":[{"href":"http:\/\/www.doisamores.fi\/index.php?rest_route=\/wp\/v2\/types\/page"}],"author":[{"embeddable":true,"href":"http:\/\/www.doisamores.fi\/index.php?rest_route=\/wp\/v2\/users\/1"}],"replies":[{"embeddable":true,"href":"http:\/\/www.doisamores.fi\/index.php?rest_route=%2Fwp%2Fv2%2Fcomments&post=123"}],"version-history":[{"count":10,"href":"http:\/\/www.doisamores.fi\/index.php?rest_route=\/wp\/v2\/pages\/123\/revisions"}],"predecessor-version":[{"id":289,"href":"http:\/\/www.doisamores.fi\/index.php?rest_route=\/wp\/v2\/pages\/123\/revisions\/289"}],"wp:attachment":[{"href":"http:\/\/www.doisamores.fi\/index.php?rest_route=%2Fwp%2Fv2%2Fmedia&parent=123"}],"curies":[{"name":"wp","href":"https:\/\/api.w.org\/{rel}","templated":true}]}}